. Let u(o) = p*n(o) + 7*h(o). Is u(4) a composite number?
False
Is -38 + 44 + -8 + 6*(-22354)/(-4) prime?
True
Suppose -5*x = 61*h - 58*h - 732199, 0 = -2*h - 5*x + 488126. Is h prime?
False
Let x(c) = 3*c**3 - 148*c**2 + 109*c - 87. Let m be x(50). Let o(u) = 50*u**3 - 7*u**2 - u. Let p be o(-5). Let r = m + p. Is r a prime number?
True
Suppose -s - 2*s - 5*v + 119281 = 0, 5*s - v - 198755 = 0. Suppose -25*t + s = -97923. Is t prime?
True
Suppose 3*v - 4*n - 4736 = 3392, -n - 1 = 0. Suppose -10*p + v = -6*p. Is p a composite number?
False
Suppose 3*j + 0*j = 75. Suppose j - 10 = 3*y. Suppose 4*b + 53 = y*b. Is b composite?
False
Suppose 0 = 4*n - 8, 2*o - 3*n = o. Is (-12)/o*3 - 4*-233 composite?
True
Let h = 333 - 306. Suppose -14*k = -h*k + 8671. Is k composite?
True
Let x be (-470787)/(-21) + 9/(-21). Suppose -175501 = -7*h - x. Is h composite?
True
Let h = 62023 + -21456. Is h composite?
True
Suppose -1152088 = -80*h + 24*h. Is h composite?
True
Let w(z) = 449*z**2 - 6*z - 5. Let o be w(-2). Let l = -273 - -292. Suppose -l*v + 15*v = -2*c - 1818, -5*c - o = -4*v. Is v a prime number?
True
Let a(s) = -278*s - 86. Let q be a(7). Let h = q + 19679. Is h prime?
False
Suppose 0 = -3*a - 4*s + 3685, -6*a = -5*a + s - 1229. Let z = -658 + a. Is z prime?
False
Let a(d) = 114*d**3 + 2*d**2 - 7*d + 24. Let g be a(4). Let i = -2097 + g. Is i a composite number?
False
Let j(q) = 199*q**2 - 126*q. Let i be j(8). Suppose -54*w + 58*w - 5*r = i, 3*w - 8773 = -2*r. Is w a composite number?
False
Suppose 4*w + 4*r + 5 = 7*w, 0 = -w - 3*r + 6. Suppose -7*b + w*k + 9490 = -2*b, -k = 5. Is b composite?
True
Is ((646/(-4))/(-19))/(4 - (-21774)/(-5444)) a prime number?
False
Let z(r) = -12*r + 29*r**2 - 6*r**2 + 55 - 3*r - 2*r. Is z(3) a composite number?
False
Let t = -86 + 152. Suppose -9 - t = -5*c. Let r = 22 + c. Is r a prime number?
True
Let a(i) = -835*i - 649*i - 1604*i + 9. Is a(-1) prime?
False
Suppose 3*i - 3*a = 35521 + 418088, -12*a + 453579 = 3*i. Is i a prime number?
True
Suppose -w + 5*w = 3*u + 789, 0 = u + 2*w + 253. Let c = 566 + u. Is c composite?
False
Suppose -51*n + 24*n + 26*n = -1168715. Is n prime?
False
Let v be (-1 - 0)/1*(-11 + 4). Suppose 2*h = -v*h + 4527. Is h a prime number?
True
Let b be 2*((-8)/(-48))/(4/60). Let s be (2 - -17)/(2/10). Suppose -5*q - 150 = -b*o, -4*o + o = 2*q - s. Is o a prime number?
True
Let n be 3 + -7 + (-10344)/(-4). Suppose d + 2 = -3, 0 = 3*x + 4*d + n. Let p = x - -3615. Is p a prime number?
False
Suppose 327415 = 105*a + 369308 - 6446788. Is a a prime number?
False
Let m(u) = 1741*u**3 + 10*u**2 + 3*u + 73. Is m(6) a composite number?
True
Let q = -228179 - -445316. Is q composite?
True
Is (-36 - -23) + (10 - -5860) a composite number?
False
Let m(c) = 3*c. Let g(l) = -432*l - 128. Let z(y) = g(y) + 5*m(y). Is z(-25) composite?
True
Let z be (-15)/2*(-18)/15. Suppose -2*t - 4*r = -460, -z = -4*r - 21. Suppose -t = -0*v - 4*v. Is v composite?
False
Suppose -318220 = -9*p + 8786. Is (-5)/45 - p/(-9) prime?
False
Let g(j) = -j + 9. Let h be g(5). Suppose -2*t + 151669 = t - 2*l, -h*t = -2*l - 202224. Is t composite?
True
Let n = -29 - -34. Suppose n*q + k = -3*k + 15446, 0 = -3*q - 5*k + 9278. Suppose 0 = 4*l - q + 922. Is l prime?
True
Suppose 0 = 23*p - 72*p + 1994839. Is p a prime number?
False
Suppose 10*y - 38 = 72. Let z(j) = 2*j**2 + 2*j - 1. Is z(y) prime?
True
Let t(k) = -6*k**3 + 41*k**2 + 5*k + 139. Is t(-17) a prime number?
True
Let a(l) = 49537*l**3 + 2*l**2 + 9*l - 37. Is a(3) a prime number?
True
Let n = 177 - 177. Suppose h - 24142 = -2*s, n = 2*s + h + 4*h - 24142. Is s a prime number?
True
Let z = -1661 - -940. Let n = 278 - z. Suppose -n = 7*b - 7600. Is b prime?
False
Suppose 38 - 20 = 6*u. Suppose 3*c = 2*b + 24131, -42655 = -4*c + u*b - 10481. Is c prime?
False
Suppose -61 = w - 2*v, 171 = 5*w - 5*v + 496. Let n = w - -31. Let k = 119 - n. Is k a composite number?
False
Let d(o) = 579*o**3 - 8*o**2 + 16*o - 22. Is d(7) a prime number?
False
Let r be (-48121)/7 + 114/266. Let k = r - -13625. Is k composite?
True
Let v(i) = 17*i**2 - 30*i + 489. Is v(-36) a prime number?
False
Let r(z) = z**3 + 4*z**2 - 5*z + 5. Let h be r(-4). Suppose -q = 23*y - h*y + 7281, 3*y = -4*q + 10927. Is y a prime number?
False
Suppose -f + 21682 = -z - 20291, -41958 = -f - 4*z. Let n = f + -27601. Is n prime?
True
Suppose 0*p = -4*p - p. Suppose 2*x = -4*j + 44, 0 = -p*x - 2*x - 3*j + 39. Suppose 2*u + 7450 = x*u. Is u a composite number?
True
Suppose 282837 = -30591*d + 30594*d. Is d composite?
True
Let t(u) = -u - 5. Let c be t(2). Let l(r) = 5*r + 41. Let v be l(c). Is 2 + -5 - v/(24/(-340)) a prime number?
False
Suppose 4*b - 4*m - 5796 = 0, -2*m = m. Suppose -n + b = 8*n. Is n prime?
False
Suppose 4*g - 11 = 13. Is ((-52)/g)/((-16)/6024) prime?
False
Let b(o) = -1 + 3*o - 2*o + 2*o**2 + 0*o**2 + o. Let j be b(-2). Suppose -1099 = -j*x - 5*u + 902, 6 = 2*u. Is x prime?
False
Let o be (2 - -5 - -1)*(-10)/10. Let d be (0 + o/(-6))/(26/(-78)). Is (-2 - -76)/(18/3 + d) composite?
False
Let o be -79 - 39/52*-4. Suppose -373 = p + 116. Let q = o - p. Is q a composite number?
True
Suppose -2*r - 5*q = -1, 32 = -r + q + 36. Is (5221 - r) + 1 + 0 prime?
False
Let y = 3258297 + -853684. Is y a prime number?
True
Let q = 1553188 - 527455. Is q composite?
True
Let q(i) = 3*i**3 + 2*i**2 - 1. Let d be q(1). Let x(p) = -6*p + d*p**2 - 19 - p**2 - 7*p - 14*p. Is x(16) a composite number?
False
Let x = 54 - 68. Let f(g) = -3*g - 17. Let h be f(x). Suppose -h*o = -23*o - 3274. Is o prime?
True
Suppose 509*n - 48749035 = -506*n + 942*n. Is n prime?
False
Suppose -2756*u + 2787*u - 6943411 = 0. Is u a composite number?
True
Suppose -3*m + 60 = -4*r, 3*m + 4*r = -m + 108. Suppose d = 9*d - m. Suppose d*x - 333 = 3*a, -8*x - 335 = -11*x + 4*a. Is x a prime number?
True
Let w(c) = -23*c**2 - 19*c + 46*c + 52*c**2 - 16*c - 33. Let u be 4*2 - 2/2. Is w(u) a composite number?
True
Suppose 5*g + c = 48251, 4*g + 3*c + 0*c - 38603 = 0. Suppose -3*s = -5*z - g, -3*s - 8 - 7 = 0. Is -1*(-1 + z)*1/2 a prime number?
True
Suppose 0 = -2*t + a + 714454, -t - a = 30191 - 387424. Is t a composite number?
False
Let w(k) = 5 - 19*k + 5 + 24*k + 9. Suppose -4*v + 44 = -i, -40 = -0*v - 2*v + 5*i. Is w(v) a composite number?
True
Suppose -4*q = -4, -4*n - 4*q + 5 = -7. Let c = n - 6. Is 2 + c/(12/(-3177)) a prime number?
True
Let j(t) be the second derivative of -1501*t**3/6 - 65*t**2/2 - t + 37. Is j(-6) prime?
True
Suppose 0 = 68*z + 3*z - 7671905. Is z composite?
True
Let v be (-1277360)/(-100) + 1 + 9/(-15). Suppose -253205 = -17*n - v. Is n composite?
False
Suppose -97590 = -3*y - 3*i, 0 = 356*i - 355*i + 9. Is y a composite number?
True
Suppose -4*g + 27 = 11. Suppose 0*j - 3*o = g*j - 19449, -5*o = 5*j - 24315. Let k = -3347 + j. Is k a composite number?
True
Suppose -18*j - 50 + 158 = 0. Is 4476/2 - -4*j/(-24) composite?
False
Let b = -21 + 155. Let h be -35*(-2 - 0 - b). Suppose 15699 = 5*n - 4*t - h, 4 = -4*t. Is n a composite number?
False
Suppose 2 = -2*p - 18. Let d(i) = -2*i**3 - 4*i**2 + 3*i + 13. Let u be d(p). Suppose 4928 = 4*r + 4*q + 1792, 3*q + u = 2*r. Is r a prime number?
True
Let o be 1698 - 6/(-12)*10. Let p = -796 + o. Is p composite?
False
Let h(o) = 14*o**2 + 9*o - 4629. Is h(80) a prime number?
True
Suppose 4*a - p = 614168, a - 5*p = -32697 + 186239. Is a a composite number?
True
Let f = 43 + -40. Suppose 5*r - 1358 = -2*p, -2*r - 3*r = -f*p - 1338. Let s = 1371 - r. Is s prime?
False
Let r(z) = 11 - 1 - 445*z + 36*z. Let b(v) = -3*v**3 - 122*v**2 + 38*v - 124. Let m be b(-41). Is r(m) a prime number?
True
Suppose -3*b + 17 = -4*k, 2 = 2*k - 6. Suppose 9407 + 6642 = b*m. Is m a composite number?
False
Suppose 0 = -296*g + 328*g - 2371616. Is g prime?
False
Let f = 605632 - 311505. Is f a prime number?
True
Let b(u) = -36*u**3 - 61*u**2 - u - 2. Let z(w) = w**3 + w**2 - w - 1. Let s(t) = b(t) + 5*z(t). Is s(-6) a composite number?
True
Suppose 20*g - 23*g - 2*a = -1094633, 0 = 4*g - 4*a - 1459524. Is g composite?
False
Suppose -90157450 = -0*y - 50*y. Is y a composite number?
False
Let u(y) = 1795*y**3 - 3*y**2 + 6*y - 63. Is u(8) a prime number?
False
Suppose -4*j = -2*w - 108, 0 = 4*w - 0*w - j + 202. Le